, 83
What are the prime factors of 10534?
2, 23, 229
What are the prime factors of 704?
2, 11
List the prime factors of 34306.
2, 17, 1009
What are the prime factors of 1481?
1481
What are the prime factors of 15153?
3, 5051
What are the prime factors of 35053?
35053
List the prime factors of 8214.
2, 3, 37
List the prime factors of 3736.
2, 467
What are the prime factors of 3942?
2, 3, 73
What are the prime factors of 8810?
2, 5, 881
What are the prime factors of 5635?
5, 7, 23
What are the prime factors of 20462?
2, 13, 787
List the prime factors of 5298.
2, 3, 883
What are the prime factors of 4667?
13, 359
List the prime factors of 13281.
3, 19, 233
List the prime factors of 11734.
2, 5867
What are the prime factors of 17059?
7, 2437
List the prime factors of 11474.
2, 5737
What are the prime factors of 2074?
2, 17, 61
What are the prime factors of 2165?
5, 433
What are the prime factors of 71761?
71761
What are the prime factors of 38184?
2, 3, 37, 43
List the prime factors of 310.
2, 5, 31
List the prime factors of 42720.
2, 3, 5, 89
What are the prime factors of 108572?
2, 27143
What are the prime factors of 1861?
1861
List the prime factors of 20026.
2, 17, 19, 31
What are the prime factors of 997?
997
List the prime factors of 44.
2, 11
What are the prime factors of 56?
2, 7
What are the prime factors of 8858?
2, 43, 103
List the prime factors of 1749.
3, 11, 53
List the prime factors of 15518.
2, 7759
List the prime factors of 2928.
2, 3, 61
What are the prime factors of 2506?
2, 7, 179
List the prime factors of 6634.
2, 31, 107
What are the prime factors of 59736?
2, 3, 19, 131
What are the prime factors of 45576?
2, 3, 211
What are the prime factors of 1495?
5, 13, 23
What are the prime factors of 2341?
2341
What are the prime factors of 560?
2, 5, 7
List the prime factors of 1438.
2, 719
What are the prime factors of 22089?
3, 37, 199
What are the prime factors of 719?
719
What are the prime factors of 49880?
2, 5, 29, 43
What are the prime factors of 7986?
2, 3, 11
List the prime factors of 47222.
2, 7, 3373
What are the prime factors of 968?
2, 11
What are the prime factors of 8314?
2, 4157
List the prime factors of 40301.
191, 211
List the prime factors of 52112.
2, 3257
What are the prime factors of 8655?
3, 5, 577
List the prime factors of 20158.
2, 10079
List the prime factors of 3146.
2, 11, 13
List the prime factors of 44524.
2, 11131
List the prime factors of 49677.
3, 29, 571
What are the prime factors of 94786?
2, 83, 571
What are the prime factors of 675?
3, 5
List the prime factors of 13617.
3, 17, 89
List the prime factors of 9661.
9661
What are the prime factors of 55157?
19, 2903
List the prime factors of 462.
2, 3, 7, 11
What are the prime factors of 84761?
84761
What are the prime factors of 21086?
2, 13, 811
List the prime factors of 55686.
2, 3, 9281
What are the prime factors of 2670?
2, 3, 5, 89
List the prime factors of 83480.
2, 5, 2087
What are the prime factors of 51932?
2, 12983
What are the prime factors of 733?
733
List the prime factors of 23754.
2, 3, 37, 107
List the prime factors of 4132.
2, 1033
What are the prime factors of 6485?
5, 1297
What are the prime factors of 791?
7, 113
What are the prime factors of 4704?
2, 3, 7
What are the prime factors of 41229?
3, 509
List the prime factors of 6630.
2, 3, 5, 13, 17
What are the prime factors of 726?
2, 3, 11
What are the prime factors of 903?
3, 7, 43
List the prime factors of 15443.
15443
List the prime factors of 62239.
109, 571
What are the prime factors of 978?
2, 3, 163
What are the prime factors of 13089?
3, 4363
List the prime factors of 2026.
2, 1013
What are the prime factors of 18832?
2, 11, 107
List the prime factors of 11553.
3, 3851
List the prime factors of 2875.
5, 23
What are the prime factors of 39347?
7, 11, 73
What are the prime factors of 1899?
3, 211
What are the prime factors of 648?
2, 3
What are the prime factors of 1132?
2, 283
List the prime factors of 19030.
2, 5, 11, 173
What are the prime factors of 1012?
2, 11, 23
List the prime factors of 1016.
2, 127
What are the prime factors of 313?
313
List the prime factors of 2016.
2, 3, 7
What are the prime factors of 3149?
47, 67
List the prime factors of 38097.
3, 17, 83
List the prime factors of 20.
2, 5
What are the prime factors of 11126?
2, 5563
List the prime factors of 8008.
2, 7, 11, 13
List the prime factors of 105.
3, 5, 7
List the prime factors of 688.
2, 43
What are the prime factors of 46851?
3, 7, 23, 97
List the prime factors of 1071.
3, 7, 17
List the prime factors of 34515.
3, 5, 13, 59
List the prime factors of 1177.
11, 107
List the prime factors of 1697.
1697
List the prime factors of 16295.
5, 3259
List the prime factors of 20938.
2, 19, 29
What are the prime factors of 6324?
2, 3, 17, 31
What are the prime factors of 1619?
1619
What are the prime factors of 38021?
193, 197
List the prime factors of 838.
2, 419
List the prime factors of 17225.
5, 13, 53
What are the prime factors of 82298?
2, 41149
What are the prime factors of 101408?
2, 3169
What are the prime factors of 2125?
5, 17
What are the prime factors of 11490?
2, 3, 5, 383
What are the prime factors of 776?
2, 97
What are the prime factors of 22103?
23, 31
What are the prime factors of 128289?
3, 7, 41, 149
What are the prime factors of 79014?
2, 3, 13, 1013
What are the prime factors of 6035?
5, 17, 71
What are the prime factors of 5268?
2, 3, 439
What are the prime factors of 74374?
2, 41, 907
List the prime factors of 1989.
3, 13, 17
List the prime factors of 80537.
80537
What are the prime factors of 1107?
3, 41
List the prime factors of 4069.
13, 313
What are the prime factors of 41399?
41399
What are the prime factors of 13929?
3, 4643
List the prime factors of 36129.
3, 12043
List the prime factors of 46044.
2, 3, 1279
List the prime factors of 367.
367
What are the prime factors of 2372?
2, 593
What are the prime factors of 12286?
2, 6143
What are the prime factors of 5155?
5, 1031
What are the prime factors of 2948?
2, 11, 67
List the prime factors of 3182.
2, 37, 43
List the prime factors of 1287.
3, 11, 13
What are the prime factors of 390?
2, 3, 5, 13
What are the prime factors of 42873?
3, 31, 461
What are the prime factors of 738?
2, 3, 41
What are the prime factors of 4684?
2, 1171
What are the prime factors of 21981?
3, 17, 431
List the prime factors of 424.
2, 53
What are the prime factors of 1504?
2, 47
List the prime factors of 33824.
2, 7, 151
List the prime factors of 4401.
3, 163
What are the prime factors of 13947?
3, 4649
What are the prime factors of 3873?
3, 1291
List the prime factors of 142061.
142061
What are the prime factors of 42895?
5, 23, 373
List the prime factors of 2373.
3, 7, 113
What are the prime factors of 2104?
2, 263
List the prime factors of 10935.
3, 5
List the prime factors of 9700.
2, 5, 97
What are the prime factors of 1038?
2, 3, 173
What are the prime factors of 50756?
2, 12689
What are the prime factors of 2344?
2, 293
List the prime factors of 171485.
5, 34297
What are the prime factors of 789?
3, 263
List the prime factors of 200854.
2, 29, 3463
What are the prime factors of 7201?
19, 379
List the prime factors of 56968.
2, 7121
What are the prime factors of 20859?
3, 17, 409
What are the prime factors of 6644?
2, 11, 151
What are the prime factors of 3417?
3, 17, 67
List the prime factors of 3299.
3299
List the prime factors of 95151.
3, 7, 23, 197
List the prime factors of 34086.
2, 3, 13, 19, 23
List the prime factors of 87511.
87511
List the prime factors of 63224.
2, 7, 1129
What are the prime factors of 34060?
2, 5, 13, 131
List the prime factors of 24076.
2, 13, 463
What are the prime factors of 52986?
2, 3, 8831
List the prime factors of 1388.
2, 347
List the prime factors of 1622.
2, 811
What are the prime factors of 1037?
17, 61
What are the prime factors of 15378?
2, 3, 11, 233
What are the prime factors of 35282?
2, 13, 23, 59
List the prime factors of 133.
7, 19
List the prime factors of 4218.
2, 3, 19, 37
What are the prime factors of 1557?
3, 173
What are the prime factors of 49098?
2, 3, 7, 167
List the prime factors of 24531.
3, 13, 17, 37
What are the prime factors of 1120?
2, 5, 7
What are the prime factors of 778?
2, 38